f 100?
True
Does 5 divide 372460?
True
Does 303 divide 633573?
True
Is 425872 a multiple of 13?
False
Is 176633 a multiple of 173?
True
Is 149 a factor of 87910?
True
Is 331 a factor of 593814?
True
Is 69495 a multiple of 41?
True
Is 10 a factor of 162699?
False
Is 7 a factor of 1130778?
False
Does 6 divide 9996376?
False
Does 170 divide 1772130?
False
Does 66 divide 409717?
False
Is 120819 a multiple of 3?
True
Does 78 divide 4815332?
False
Is 8356 a multiple of 4?
True
Is 245106 a multiple of 306?
True
Is 350 a factor of 132435?
False
Is 10506606 a multiple of 6?
True
Does 52 divide 118716?
True
Is 10863646 a multiple of 375?
False
Is 18 a factor of 3798198?
True
Does 74 divide 1614976?
True
Is 216 a factor of 12457?
False
Is 4 a factor of 2375969?
False
Is 111 a factor of 133114?
False
Is 31 a factor of 94561?
False
Does 336 divide 8609664?
True
Is 39 a factor of 188143?
False
Is 9953 a multiple of 53?
False
Is 127 a factor of 10640441?
True
Does 10 divide 788172?
False
Is 114802 a multiple of 20?
False
Does 91 divide 690580?
False
Is 248600 a multiple of 50?
True
Is 223903 a multiple of 463?
False
Does 40 divide 594280?
True
Does 11 divide 103249?
False
Is 3322591 a multiple of 29?
False
Is 591714 even?
True
Is 117448 a multiple of 106?
True
Does 134 divide 4607578?
False
Does 18 divide 458014?
False
Is 1136 a factor of 11265712?
True
Does 17 divide 139037?
False
Is 172 a factor of 2577757?
False
Is 96744 a multiple of 278?
True
Does 3 divide 1582731?
True
Is 1888599 a multiple of 303?
True
Does 476 divide 618324?
True
Is 20 a factor of 1328880?
True
Does 8 divide 219225?
False
Does 193 divide 1010832?
False
Is 7576584 a multiple of 8?
True
Is 13 a factor of 13877240?
True
Is 11 a factor of 113058?
True
Is 28 a factor of 8505306?
False
Is 13 a factor of 407854?
False
Is 191 a factor of 56389?
False
Is 269 a factor of 26900?
True
Is 101 a factor of 827918?
False
Is 10 a factor of 64570?
True
Does 19 divide 81506?
False
Is 876978 a multiple of 747?
True
Is 4 a factor of 3846?
False
Is 86524 a multiple of 14?
False
Is 43 a factor of 114715?
False
Is 117068 a multiple of 113?
True
Is 27 a factor of 2519140?
False
Does 519 divide 13387565?
False
Is 4908990 a multiple of 295?
False
Is 122909 a multiple of 14?
False
Is 104 a factor of 325424?
False
Is 15 a factor of 781023?
False
Is 206153 a multiple of 25?
False
Is 71 a factor of 300942?
False
Does 30 divide 1601728?
False
Does 232 divide 109736?
True
Is 2363 a factor of 13040737?
False
Does 59 divide 26832846?
True
Is 794102 a multiple of 4?
False
Does 442 divide 184225?
False
Is 107 a factor of 346680?
True
Does 175 divide 145351?
False
Is 1916 a multiple of 6?
False
Does 251 divide 7997882?
False
Is 161 a factor of 2663723?
False
Is 15455307 a multiple of 7?
True
Is 68 a factor of 24888?
True
Is 202868 a multiple of 13?
False
Is 690897 a multiple of 43?
False
Is 142462 a multiple of 6?
False
Is 146112 a multiple of 192?
True
Does 199 divide 6490385?
True
Does 1118 divide 2157409?
False
Does 261 divide 4950387?
True
Is 555480 a multiple of 18?
True
Is 544728 a multiple of 24?
True
Does 164 divide 42448?
False
Does 18 divide 1704546?
True
Is 240660 a multiple of 12?
True
Does 647 divide 2303967?
True
Is 877938 a multiple of 320?
False
Is 1165510 a multiple of 290?
True
Is 3295568 a multiple of 733?
True
Is 4831980 a multiple of 348?
True
Does 6 divide 59502?
True
Does 16 divide 65392?
True
Is 287 a factor of 470945?
False
Is 1995045 a multiple of 507?
True
Is 341 a factor of 1579853?
True
Is 214429 a multiple of 4?
False
Is 15176 a multiple of 7?
True
Is 279 a factor of 97929?
True
Does 9 divide 18374441?
False
Is 694654 a multiple of 471?
False
Does 222 divide 280738?
False
Does 5 divide 1110145?
True
Is 885 a factor of 1023945?
True
Does 808 divide 1928556?
False
Does 238 divide 5253777?
False
Is 1447463 a multiple of 117?
False
Is 25 a factor of 274851?
False
Does 45 divide 64666?
False
Is 4369608 a multiple of 12?
True
Is 14 a factor of 1477350?
True
Does 44 divide 237556?
True
Is 4797044 a multiple of 19?
True
Is 25 a factor of 5677325?
True
Is 4 a factor of 101196?
True
Is 242 a factor of 2026992?
True
Is 180351 a multiple of 345?
False
Is 60 a factor of 341100?
True
Is 7743185 a multiple of 395?
True
Is 49 a factor of 65601?
False
Does 17 divide 3814663?
False
Does 53 divide 74151?
False
Does 628 divide 540439?
False
Is 1256850 a multiple of 630?
True
Is 2545631 a multiple of 45?
False
Is 5546606 a multiple of 13?
True
Is 1044211 a multiple of 63?
False
Does 191 divide 419643?
False
Does 18 divide 4829184?
True
Is 703 a factor of 239723?
True
Does 95 divide 242630?
True
Does 25 divide 29725?
True
Does 516 divide 678361?
False
Is 253 a factor of 69575?
True
Does 18 divide 202033?
False
Is 306 a factor of 214200?
True
Is 48 a factor of 2513952?
True
Is 246344 a multiple of 212?
True
Is 3124872 a multiple of 23?
True
Is 372 a factor of 1170520?
False
Is 782710 a multiple of 29?
True
Is 14 a factor of 82194?
True
Is 14 a factor of 14753299?
False
Does 22 divide 1927860?
True
Is 1605 a factor of 6671985?
True
Is 45 a factor of 19430709?
False
Is 48709 a multiple of 24?
False
Is 8 a factor of 271844?
False
Does 27 divide 519273?
False
Is 63 a factor of 5924394?
True
Does 15 divide 9022003?
False
Does 144 divide 105279?
False
Is 48168 a multiple of 2?
True
Does 624 divide 967382?
False
Is 25 a factor of 17556454?
False
Is 1056 a factor of 9904224?
True
Is 25 a factor of 81886?
False
Is 306 a factor of 28554696?
True
Is 4438733 a multiple of 613?
True
Is 1873499 a multiple of 789?
False
Is 27 a factor of 939?
False
Does 88 divide 70620?
False
Is 65 a factor of 190213?
False
Is 3573150 a multiple of 175?
True
Does 7 divide 2177482?
False
Is 95 a factor of 821750?
True
Is 14835801 a multiple of 175?
False
Is 348 a factor of 26754?
False
Is 10879185 a multiple of 15?
True
Does 11 divide 17265952?
True
Does 9 divide 12308724?
True
Does 76 divide 126236?
True
Is 125 a factor of 530625?
True
Is 183877 a multiple of 24?
False
Does 18 divide 191459?
False
Is 236292 a multiple of 58?
True
Is 12 a factor of 88428?
True
Is 382903 a multiple of 117?
False
Does 117 divide 140049?
True
Does 93 divide 131174?
False
Is 80 a factor of 121180?
False
Is 2366134 a multiple of 597?
False
Is 96 a factor of 964128?
True
Does 118 divide 701864?
True
Is 51203 even?
False
Does 9 divide 8030261?
False
Is 39 a factor of 1019501?
False
Is 406 a factor of 888328?
True
Is 4265676 a multiple of 18?
True
Is 7903713 a multiple of 237?
True
Is 15707880 a multiple of 20?
True
Is 112 a factor of 197442?
False
Does 272 divide 402016?
True
Is 5931004 a multiple of 32?
False
Does 7 divide 178707?
False
Is 10 a factor of 294060?
True
Is 206 a factor of 102769?
False
Is 751 a factor of 244826?
True
Does 96 divide 486099?
False
Is 23 a factor of 125626?
True
Is 7 a factor of 12380993?
False
Does 288 divide 2491132?
False
Is 22 a factor of 29587?
False
Is 199758 a multiple of 338?
True
Is 1089176 a multiple of 88?
True
Is 1101611 a multiple of 135?
False
Does 10 divide 360980?
True
Does 362 divide 1738603?
False
Does 4 divide 1261080?
True
Is 84 a factor of 1138662?
False
Is 6 a factor of 1129169?
False
Is 12069027 a multiple of 27?
True
Is 630 a factor of 25487910?
True
Is 88 a factor of 156552?
True
Is 12 a factor of 1121459?
False
Does 475 divide 765225?
True
Does 41 divide 34216919?
True
Does 1113 divide 11096610?
True
Is 707291 a multiple of 8?
False
Is 113666 a multiple of 27?
False
Does 138 divide 13721616?
True
Is 4 a factor of 50138?
False
Is 34 a factor of 5742260?
True
Does 297 divide 203445?
True
Is 57 a factor of 964155?
True
Is 15546145 a multiple of 36?
False
Is 459 a factor of 3949925?
False
Does 4 divide 3456?
True
Is 429516 a multiple of 27?
True
Is 824145 a multiple of 35?
True
Does 744 divide 4072366?
False
Does 17 divide 10098453?
False
Is 24 a factor of 1131988?
False
Is 474128 a multiple of 16?
True
Does 10 divide 29049?
False
Is 82 a factor of 1289884?
False
Is 54043 a multiple of 26?
False
Does 5 divide 2962926?
False
Is 628 a factor of 234244?
True
Is 31150 a multiple of 89?
True
Is 51 a factor of 421106?
False
Is 262668 a multiple of 28?
True
Is 208 a factor of 64480?
True
Is 6 a factor of 144366?
True
Is 1